{"id":215,"date":"2024-02-24T15:08:44","date_gmt":"2024-02-24T14:08:44","guid":{"rendered":"https:\/\/informatique-umons.be\/buys-alain\/?page_id=215"},"modified":"2024-02-24T15:14:37","modified_gmt":"2024-02-24T14:14:37","slug":"charges-administratives","status":"publish","type":"page","link":"https:\/\/informatique-umons.be\/buys-alain\/charges-administratives\/","title":{"rendered":"Charges administratives"},"content":{"rendered":"\n<figure class=\"wp-block-image size-medium\"><img loading=\"lazy\" decoding=\"async\" width=\"150\" height=\"77\" src=\"https:\/\/informatique-umons.be\/buys-alain\/wp-content\/uploads\/sites\/8\/2024\/02\/UMONS_FS-150x77.jpg\" alt=\"\" class=\"wp-image-61\" srcset=\"https:\/\/informatique-umons.be\/buys-alain\/wp-content\/uploads\/sites\/8\/2024\/02\/UMONS_FS-150x77.jpg 150w, https:\/\/informatique-umons.be\/buys-alain\/wp-content\/uploads\/sites\/8\/2024\/02\/UMONS_FS-1024x524.jpg 1024w, https:\/\/informatique-umons.be\/buys-alain\/wp-content\/uploads\/sites\/8\/2024\/02\/UMONS_FS-768x393.jpg 768w, https:\/\/informatique-umons.be\/buys-alain\/wp-content\/uploads\/sites\/8\/2024\/02\/UMONS_FS-1536x787.jpg 1536w, https:\/\/informatique-umons.be\/buys-alain\/wp-content\/uploads\/sites\/8\/2024\/02\/UMONS_FS-2048x1049.jpg 2048w\" sizes=\"(max-width: 150px) 100vw, 150px\" \/><\/figure>\n\n\n<div class=\"wp-block-image\">\n<figure class=\"alignleft is-resized\"><img decoding=\"async\" src=\"https:\/\/informatique-umons.be\/buys-alain\/wp-content\/uploads\/sites\/8\/2024\/02\/myface-197x300.png\" alt=\"\" style=\"width:190px;height:auto\" \/><\/figure><\/div>\n\n\n<figure class=\"wp-block-table\"><table><tbody><tr><td> <h2>Charges administratives<\/h2><ul> <li>Secr\u00e9taire du Conseil de l&rsquo;Informatique (octobre 2008-mai 2012) <\/li> <li>Membre du Conseil de Facult\u00e9 des Sciences<\/li> <li>Repr\u00e9sentant de la FS au Conseil de la Biblioth\u00e8que  (octobre 2009 &#8211; septembre 2022)<\/li> <li>Membre du Groupe de travail \u00ab\u00a0Entrepreneuriat\u00a0\u00bb<\/li> <li>Membre du CorSci<\/li> <li>Repr\u00e9sentant du CorSci au CRECH<\/li> <li>Relais \u00ab\u00a0Moodle\u00a0\u00bb (e-learning) pour la FS <\/li>  <\/ul><\/td><\/tr><\/tbody><\/table><\/figure>\n","protected":false},"excerpt":{"rendered":"<p>Charges administratives Secr\u00e9taire du Conseil de l&rsquo;Informatique (octobre 2008-mai 2012) Membre du Conseil de Facult\u00e9 des Sciences Repr\u00e9sentant de la &hellip; <\/p>\n","protected":false},"author":8,"featured_media":0,"parent":0,"menu_order":4,"comment_status":"closed","ping_status":"closed","template":"template-home.php","meta":{"footnotes":""},"_links":{"self":[{"href":"https:\/\/informatique-umons.be\/buys-alain\/wp-json\/wp\/v2\/pages\/215"}],"collection":[{"href":"https:\/\/informatique-umons.be\/buys-alain\/wp-json\/wp\/v2\/pages"}],"about":[{"href":"https:\/\/informatique-umons.be\/buys-alain\/wp-json\/wp\/v2\/types\/page"}],"author":[{"embeddable":true,"href":"https:\/\/informatique-umons.be\/buys-alain\/wp-json\/wp\/v2\/users\/8"}],"replies":[{"embeddable":true,"href":"https:\/\/informatique-umons.be\/buys-alain\/wp-json\/wp\/v2\/comments?post=215"}],"version-history":[{"count":3,"href":"https:\/\/informatique-umons.be\/buys-alain\/wp-json\/wp\/v2\/pages\/215\/revisions"}],"predecessor-version":[{"id":220,"href":"https:\/\/informatique-umons.be\/buys-alain\/wp-json\/wp\/v2\/pages\/215\/revisions\/220"}],"wp:attachment":[{"href":"https:\/\/informatique-umons.be\/buys-alain\/wp-json\/wp\/v2\/media?parent=215"}],"curies":[{"name":"wp","href":"https:\/\/api.w.org\/{rel}","templated":true}]}}

<figure class="wp-block-image size-medium"><img loading="lazy" decoding="async" width="150" height="77" src="https://informatique-umons.be/buys-alain/wp-content/uploads/sites/8/2024/02/UMONS_FS-150x77.jpg" alt="" class="wp-image-61" srcset="https://informatique-umons.be/buys-alain/wp-content/uploads/sites/8/2024/02/UMONS_FS-150x77.jpg 150w, https://informatique-umons.be/buys-alain/wp-content/uploads/sites/8/2024/02/UMONS_FS-1024x524.jpg 1024w, https://informatique-umons.be/buys-alain/wp-content/uploads/sites/8/2024/02/UMONS_FS-768x393.jpg 768w, https://informatique-umons.be/buys-alain/wp-content/uploads/sites/8/2024/02/UMONS_FS-1536x787.jpg 1536w, https://informatique-umons.be/buys-alain/wp-content/uploads/sites/8/2024/02/UMONS_FS-2048x1049.jpg 2048w" sizes="(max-width: 150px) 100vw, 150px" /></figure>


<div class="wp-block-image">
<figure class="alignleft is-resized"><img decoding="async" src="https://informatique-umons.be/buys-alain/wp-content/uploads/sites/8/2024/02/myface-197x300.png" alt="" style="width:190px;height:auto" /></figure></div>


<figure class="wp-block-table"><table><tbody><tr><td> <h2>Charges administratives</h2><ul> <li>Secrétaire du Conseil de l&rsquo;Informatique (octobre 2008-mai 2012) </li> <li>Membre du Conseil de Faculté des Sciences</li> <li>Représentant de la FS au Conseil de la Bibliothèque  (octobre 2009 &#8211; septembre 2022)</li> <li>Membre du Groupe de travail « Entrepreneuriat »</li> <li>Membre du CorSci</li> <li>Représentant du CorSci au CRECH</li> <li>Relais « Moodle » (e-learning) pour la FS </li>  </ul></td></tr></tbody></table></figure>

<p>Charges administratives Secrétaire du Conseil de l&rsquo;Informatique (octobre 2008-mai 2012) Membre du Conseil de Faculté des Sciences Représentant de la &hellip; </p>
