{"id":56,"date":"2024-02-11T14:05:01","date_gmt":"2024-02-11T13:05:01","guid":{"rendered":"https:\/\/informatique-umons.be\/buys-alain\/?page_id=56"},"modified":"2024-02-14T12:18:02","modified_gmt":"2024-02-14T11:18:02","slug":"cv-en-bref","status":"publish","type":"page","link":"https:\/\/informatique-umons.be\/buys-alain\/cv-en-bref\/","title":{"rendered":"CV en bref"},"content":{"rendered":"\n<figure class=\"wp-block-image size-medium\"><img loading=\"lazy\" decoding=\"async\" width=\"150\" height=\"77\" src=\"https:\/\/informatique-umons.be\/buys-alain\/wp-content\/uploads\/sites\/8\/2024\/02\/UMONS_FS-150x77.jpg\" alt=\"\" class=\"wp-image-61\" srcset=\"https:\/\/informatique-umons.be\/buys-alain\/wp-content\/uploads\/sites\/8\/2024\/02\/UMONS_FS-150x77.jpg 150w, https:\/\/informatique-umons.be\/buys-alain\/wp-content\/uploads\/sites\/8\/2024\/02\/UMONS_FS-1024x524.jpg 1024w, https:\/\/informatique-umons.be\/buys-alain\/wp-content\/uploads\/sites\/8\/2024\/02\/UMONS_FS-768x393.jpg 768w, https:\/\/informatique-umons.be\/buys-alain\/wp-content\/uploads\/sites\/8\/2024\/02\/UMONS_FS-1536x787.jpg 1536w, https:\/\/informatique-umons.be\/buys-alain\/wp-content\/uploads\/sites\/8\/2024\/02\/UMONS_FS-2048x1049.jpg 2048w\" sizes=\"(max-width: 150px) 100vw, 150px\" \/><\/figure>\n\n\n<div class=\"wp-block-image\">\n<figure class=\"alignleft is-resized\"><img decoding=\"async\" src=\"https:\/\/informatique-umons.be\/buys-alain\/wp-content\/uploads\/sites\/8\/2024\/02\/myface-197x300.png\" alt=\"\" style=\"width:190px;height:auto\" \/><\/figure><\/div>\n\n\n<figure class=\"wp-block-table\"><table><tbody><tr><td> <h2>Fonctions<\/h2><ul> <li>Avril 2019 &#8211; <i>r\u00e9gularis\u00e9 le 1\/1\/2024<\/i>\u00a0 : \u00a0 \u00a0 Agr\u00e9g\u00e9 de facult\u00e9 (<a href=\"http:\/\/www.umons.ac.be\">UMONS<\/a>)<\/li> <li>Octobre 2001 &#8211; Mars 2019 :  \u00a0 \u00a0 Chef de travaux (<a href=\"http:\/www.umons.ac.be\">UMONS<\/a>)<\/li> <li>Octobre 1996 &#8211; Septembre 2001 : \u00a0 \u00a0 Premier assistant (<a href=\"http:\/\/www.umons.ac.be\">UMH<\/a>)<\/li> <li>Mars 1996 &#8211; Septembre 1996 : \u00a0 \u00a0 Assistant (<a href=\"http:\/\/www.umons.ac.be\">UMH<\/a>)<\/li> <li>D\u00e9cembre 1993 &#8211; F\u00e9vrier 1996 : \u00a0 \u00a0 Boursier  (<a href=\"http:\/\/www.cern.ch\">Organisation Europ\u00e9nne pour la Recherche Nucl\u00e9aire, CERN<\/a>)<\/li> <li>D\u00e9cembre 1986 &#8211; Novembre 1993 : \u00a0 \u00a0 Boursier IISN en physique des particules \u00e9l\u00e9mentaires (<a href=\"http:\/\/www.umons.ac.be\">UMH<\/a>)<\/li> <li>D\u00e9cembre 1985 &#8211; Novembre 1986 : \u00a0 \u00a0  Informaticien sous contrat (Service d&rsquo;informatique, <a href=\"http:\/\/www.umons.ac.be\">UMH<\/a>)<\/li> <li>Octobre 1984 &#8211; Novembre 1985 : \u00a0 \u00a0 Assistant (Service de Physique statistique et Probabilit\u00e9s, <a href=\"http:\/\/www.umons.ac.be\">UMH<\/a>)<\/li> <\/ul><h2>Dipl\u00f4mes<\/h2> <ul><li>Septembre 1992 : \u00a0 \u00a0  Doctorat en Physique des particules \u00e9l\u00e9mentaires  (<a href=\"http:\/\/www.umons.ac.be\">UMH<\/a>)<\/li> <li>Septembre 1984 &#8211; Septembre 1986 : \u00a0 \u00a0  Certificat approfondi en Informatique (<a href=\"http:\/\/www.umons.ac.be\">UMH<\/a>) <\/li> <li>Septembre 1980 &#8211; Juin 1984 : \u00a0 \u00a0 Licence en Physique (<a href=\"http:\/\/www.umons.ac.be\">UMH<\/a>)<\/li> <\/ul><\/td><\/tr><\/tbody><\/table><\/figure>\n","protected":false},"excerpt":{"rendered":"<p>Fonctions Avril 2019 &#8211; r\u00e9gularis\u00e9 le 1\/1\/2024\u00a0 : \u00a0 \u00a0 Agr\u00e9g\u00e9 de facult\u00e9 (UMONS) Octobre 2001 &#8211; Mars 2019 : &hellip; <\/p>\n","protected":false},"author":8,"featured_media":0,"parent":0,"menu_order":2,"comment_status":"closed","ping_status":"closed","template":"template-home.php","meta":{"footnotes":""},"_links":{"self":[{"href":"https:\/\/informatique-umons.be\/buys-alain\/wp-json\/wp\/v2\/pages\/56"}],"collection":[{"href":"https:\/\/informatique-umons.be\/buys-alain\/wp-json\/wp\/v2\/pages"}],"about":[{"href":"https:\/\/informatique-umons.be\/buys-alain\/wp-json\/wp\/v2\/types\/page"}],"author":[{"embeddable":true,"href":"https:\/\/informatique-umons.be\/buys-alain\/wp-json\/wp\/v2\/users\/8"}],"replies":[{"embeddable":true,"href":"https:\/\/informatique-umons.be\/buys-alain\/wp-json\/wp\/v2\/comments?post=56"}],"version-history":[{"count":49,"href":"https:\/\/informatique-umons.be\/buys-alain\/wp-json\/wp\/v2\/pages\/56\/revisions"}],"predecessor-version":[{"id":177,"href":"https:\/\/informatique-umons.be\/buys-alain\/wp-json\/wp\/v2\/pages\/56\/revisions\/177"}],"wp:attachment":[{"href":"https:\/\/informatique-umons.be\/buys-alain\/wp-json\/wp\/v2\/media?parent=56"}],"curies":[{"name":"wp","href":"https:\/\/api.w.org\/{rel}","templated":true}]}}