{"id":2,"date":"2024-02-12T11:09:12","date_gmt":"2024-02-12T10:09:12","guid":{"rendered":"https:\/\/informatique-umons.be\/callut-vincent\/?page_id=2"},"modified":"2025-12-01T13:50:18","modified_gmt":"2025-12-01T12:50:18","slug":"page-d-exemple","status":"publish","type":"page","link":"https:\/\/informatique-umons.be\/callut-vincent\/","title":{"rendered":"Vincent Callut"},"content":{"rendered":"\n<div class=\"wp-block-columns is-layout-flex wp-container-core-columns-layout-1 wp-block-columns-is-layout-flex\">\n<div class=\"wp-block-column is-layout-flow wp-block-column-is-layout-flow\" style=\"flex-basis:33.33%\">\n<figure class=\"wp-block-image size-full\"><img loading=\"lazy\" decoding=\"async\" width=\"359\" height=\"359\" src=\"https:\/\/informatique-umons.be\/callut-vincent\/wp-content\/uploads\/sites\/15\/2024\/03\/1516283468978.jpeg\" alt=\"\" class=\"wp-image-10\" srcset=\"https:\/\/informatique-umons.be\/callut-vincent\/wp-content\/uploads\/sites\/15\/2024\/03\/1516283468978.jpeg 359w, https:\/\/informatique-umons.be\/callut-vincent\/wp-content\/uploads\/sites\/15\/2024\/03\/1516283468978-300x300.jpeg 300w, https:\/\/informatique-umons.be\/callut-vincent\/wp-content\/uploads\/sites\/15\/2024\/03\/1516283468978-150x150.jpeg 150w, https:\/\/informatique-umons.be\/callut-vincent\/wp-content\/uploads\/sites\/15\/2024\/03\/1516283468978-70x70.jpeg 70w, https:\/\/informatique-umons.be\/callut-vincent\/wp-content\/uploads\/sites\/15\/2024\/03\/1516283468978-246x246.jpeg 246w, https:\/\/informatique-umons.be\/callut-vincent\/wp-content\/uploads\/sites\/15\/2024\/03\/1516283468978-276x276.jpeg 276w, https:\/\/informatique-umons.be\/callut-vincent\/wp-content\/uploads\/sites\/15\/2024\/03\/1516283468978-125x125.jpeg 125w\" sizes=\"(max-width: 359px) 100vw, 359px\" \/><\/figure>\n<\/div>\n\n\n\n<div class=\"wp-block-column is-layout-flow wp-block-column-is-layout-flow\" style=\"flex-basis:66.66%\">\n<p><\/p>\n\n\n\n<p><strong>Coordinateur de formations<\/strong> \u00e0 l&rsquo;UMONS<br><\/p>\n\n\n\n<p><strong>Responsable des Unit\u00e9s d&rsquo;Enseignement<\/strong> \u00ab\u00a0Stage\u00a0\u00bb, \u00ab\u00a0Veille Technologique\u00a0\u00bb et \u00ab\u00a0Communication\u00a0\u00bb, dans le cadre du <a href=\"https:\/\/informatique-umons.be\/alternance\">Master (en alternance) en Sciences Informatiques \u00e0 Finalit\u00e9 Sp\u00e9cialis\u00e9e Professionnelle<\/a><\/p>\n\n\n\n<p><strong>Analyste fonctionnel<\/strong> et <strong>gestionnaire de projets web<\/strong><\/p>\n<\/div>\n<\/div>\n\n\n\n<h2 class=\"wp-block-heading\" id=\"suite\">Contact<\/h2>\n\n\n\n<p><a href=\"mailto:vincent.callut@umons.ac.be\">vincent.callut@umons.ac.be<\/a><\/p>\n\n\n\n<h2 class=\"wp-block-heading\">Blog<\/h2>\n\n\n\n<p><a href=\"https:\/\/vincent-callut.com\/blog\/\" target=\"_blank\" rel=\"noreferrer noopener\">https:\/\/vincent-callut.com\/blog\/<\/a><\/p>\n","protected":false},"excerpt":{"rendered":"<p>Coordinateur de formations \u00e0 l&rsquo;UMONS Responsable des Unit\u00e9s d&rsquo;Enseignement \u00ab\u00a0Stage\u00a0\u00bb, \u00ab\u00a0Veille Technologique\u00a0\u00bb et \u00ab\u00a0Communication\u00a0\u00bb, dans le cadre du Master (en &hellip; <\/p>\n","protected":false},"author":2,"featured_media":0,"parent":0,"menu_order":0,"comment_status":"closed","ping_status":"open","template":"","meta":{"footnotes":""},"_links":{"self":[{"href":"https:\/\/informatique-umons.be\/callut-vincent\/wp-json\/wp\/v2\/pages\/2"}],"collection":[{"href":"https:\/\/informatique-umons.be\/callut-vincent\/wp-json\/wp\/v2\/pages"}],"about":[{"href":"https:\/\/informatique-umons.be\/callut-vincent\/wp-json\/wp\/v2\/types\/page"}],"author":[{"embeddable":true,"href":"https:\/\/informatique-umons.be\/callut-vincent\/wp-json\/wp\/v2\/users\/2"}],"replies":[{"embeddable":true,"href":"https:\/\/informatique-umons.be\/callut-vincent\/wp-json\/wp\/v2\/comments?post=2"}],"version-history":[{"count":11,"href":"https:\/\/informatique-umons.be\/callut-vincent\/wp-json\/wp\/v2\/pages\/2\/revisions"}],"predecessor-version":[{"id":37,"href":"https:\/\/informatique-umons.be\/callut-vincent\/wp-json\/wp\/v2\/pages\/2\/revisions\/37"}],"wp:attachment":[{"href":"https:\/\/informatique-umons.be\/callut-vincent\/wp-json\/wp\/v2\/media?parent=2"}],"curies":[{"name":"wp","href":"https:\/\/api.w.org\/{rel}","templated":true}]}}