{"id":68,"date":"2024-04-02T15:32:35","date_gmt":"2024-04-02T13:32:35","guid":{"rendered":"https:\/\/informatique-umons.be\/Bruyere-Veronique\/?page_id=68"},"modified":"2024-04-02T16:09:16","modified_gmt":"2024-04-02T14:09:16","slug":"teaching","status":"publish","type":"page","link":"https:\/\/informatique-umons.be\/tcs\/teaching\/","title":{"rendered":"Teaching"},"content":{"rendered":"\n<h2 class=\"wp-block-heading\">Teaching (in french)<\/h2>\n\n\n\n<p><a href=\"https:\/\/web.umons.ac.be\/fr\/formations\/\">Enseignement<\/a> en Bachelier et en Master en sciences informatiques \u00e0 l&rsquo;UMONS, en cours du jour \u00e0 Mons et \u00e0 horaire d\u00e9cal\u00e9 \u00e0 Charleroi<\/p>\n\n\n\n<ul>\n<li>Structures de donn\u00e9es I<\/li>\n\n\n\n<li>Structures de donn\u00e9es II<\/li>\n\n\n\n<li>Compilation<\/li>\n\n\n\n<li>Calculabilit\u00e9 et complexit\u00e9<\/li>\n\n\n\n<li>Structures de donn\u00e9es (horaire d\u00e9cal\u00e9)<\/li>\n<\/ul>\n\n\n\n<p><\/p>\n","protected":false},"excerpt":{"rendered":"<p>Teaching (in french) Enseignement en Bachelier et en Master en sciences informatiques \u00e0 l&rsquo;UMONS, en cours du jour \u00e0 Mons &hellip; <\/p>\n","protected":false},"author":7,"featured_media":0,"parent":0,"menu_order":0,"comment_status":"closed","ping_status":"closed","template":"","meta":{"footnotes":""},"_links":{"self":[{"href":"https:\/\/informatique-umons.be\/tcs\/wp-json\/wp\/v2\/pages\/68"}],"collection":[{"href":"https:\/\/informatique-umons.be\/tcs\/wp-json\/wp\/v2\/pages"}],"about":[{"href":"https:\/\/informatique-umons.be\/tcs\/wp-json\/wp\/v2\/types\/page"}],"author":[{"embeddable":true,"href":"https:\/\/informatique-umons.be\/tcs\/wp-json\/wp\/v2\/users\/7"}],"replies":[{"embeddable":true,"href":"https:\/\/informatique-umons.be\/tcs\/wp-json\/wp\/v2\/comments?post=68"}],"version-history":[{"count":3,"href":"https:\/\/informatique-umons.be\/tcs\/wp-json\/wp\/v2\/pages\/68\/revisions"}],"predecessor-version":[{"id":77,"href":"https:\/\/informatique-umons.be\/tcs\/wp-json\/wp\/v2\/pages\/68\/revisions\/77"}],"wp:attachment":[{"href":"https:\/\/informatique-umons.be\/tcs\/wp-json\/wp\/v2\/media?parent=68"}],"curies":[{"name":"wp","href":"https:\/\/api.w.org\/{rel}","templated":true}]}}